s -273 + 217275?
217002
In base 13, what is -6 - -71b31?
71b28
In base 4, what is -330 + -11113020021?
-11113021011
In base 5, what is -312342041 + -1?
-312342042
In base 4, what is -20 + 22013010033?
22013010013
In base 13, what is -1375 - -823?
-852
In base 11, what is 774202 - 2?
774200
In base 13, what is 2 + -6b3369?
-6b3367
In base 11, what is -49915 + -1108?
-4aa22
In base 10, what is 3 - -2968544?
2968547
In base 6, what is -453 + -40043055?
-40043552
In base 15, what is 843 - -21d8?
2a2b
In base 4, what is -2201 - -1301131?
1232330
In base 5, what is -2 - -100401310140?
100401310133
In base 15, what is 139576e - 33?
139573b
In base 4, what is 3012221322 + -30?
3012221232
In base 7, what is -4623 - 64126?
-102052
In base 15, what is 25 + -93ea9?
-93e84
In base 14, what is -1a3503 + 0?
-1a3503
In base 14, what is -4a8d9 + -cc?
-4a9c7
In base 13, what is -30032b68 + 3?
-30032b65
In base 13, what is 4a8 + -49a58?
-49580
In base 9, what is -1534 + 3750?
2215
In base 2, what is 1110110101101100010001110 - -101?
1110110101101100010010011
In base 16, what is b + 1e11c4a?
1e11c55
In base 4, what is -322301033031 + 131?
-322301032300
In base 8, what is -464324 + -111?
-464435
In base 7, what is 1643 + 1151615?
1153561
In base 2, what is -111010 - -1100001010010110100?
1100001010001111010
In base 11, what is -2a7445 - 21?
-2a7466
In base 4, what is -1333 - 322200222?
-322202221
In base 7, what is -3234014 - -5420?
-3225264
In base 3, what is 1111002101 + 111?
1111002212
In base 13, what is 1831bc66 - 4?
1831bc62
In base 12, what is -372a4089 - 5?
-372a4092
In base 13, what is -1b0 - -591bb?
5900b
In base 15, what is 0 + 21505?
21505
In base 15, what is -6224e0da + -3?
-6224e0dd
In base 4, what is 100213101220 - -3?
100213101223
In base 6, what is 13020525 - 31?
13020454
In base 6, what is 2543015012 + 4?
2543015020
In base 15, what is 13c + -7db1?
-7c74
In base 7, what is -3331116312 - 4?
-3331116316
In base 3, what is 112121111121221012 + -10?
112121111121221002
In base 14, what is 60 + d361c?
d367c
In base 13, what is 158685c + -b?
1586851
In base 11, what is -883 - 5226?
-5aa9
In base 15, what is 137 - -2c44?
2d7b
In base 2, what is -11 + -10010101001001111001?
-10010101001001111100
In base 13, what is -32b37a2 + -3?
-32b37a5
In base 13, what is 1a1 + 6083?
6254
In base 2, what is 11110110101011001110110 - -110101?
11110110101011010101011
In base 6, what is 1212313 + -3505?
1204404
In base 5, what is -111414 - -433304?
321340
In base 11, what is -1 - 2882a82?
-2882a83
In base 9, what is 186 - 1350480?
-1350283
In base 3, what is 2112202111110200120 - -2?
2112202111110200122
In base 2, what is 10 - -100001100001111011101100?
100001100001111011101110
In base 13, what is -47 + -27477?
-274c1
In base 5, what is -1322 + -321040111?
-321041433
In base 5, what is -14100231120 - 21?
-14100231141
In base 12, what is -3a4 - -ba?
-2a6
In base 4, what is -11 + -3011011330323?
-3011011331000
In base 2, what is -100011110011000000 + 10001000011?
-100011100001111101
In base 11, what is 1a2a5756 + 3?
1a2a5759
In base 4, what is 301200001 - 1300?
301132101
In base 15, what is -1 - -121ce74?
121ce73
In base 12, what is 14 + -b9a3b?
-b9a27
In base 8, what is -1401 + 61534?
60133
In base 5, what is -2143010303 + 10?
-2143010243
In base 6, what is 32423220 + -3?
32423213
In base 12, what is 17849 - b4?
17755
In base 4, what is 2 - 1322103110?
-1322103102
In base 15, what is a1e7d9 - 4?
a1e7d5
In base 12, what is -7b - -85a13?
85954
In base 16, what is 169174 + -21b?
168f59
In base 13, what is 6550 - -3799?
a019
In base 10, what is -4 + -6752643?
-6752647
In base 11, what is -169a729 - -7?
-169a722
In base 16, what is -5 - -1c6912?
1c690d
In base 11, what is 0 - -64072009?
64072009
In base 4, what is 10 + -122011331313?
-122011331303
In base 15, what is 2d0 + 1b2e?
1e0e
In base 9, what is -37880288 - -4?
-37880284
In base 9, what is -5 - -74631514?
74631508
In base 2, what is 10001001101000 - 11100001101010?
-1011000000010
In base 9, what is 457624 - -475?
458210
In base 13, what is 5ca069 + 38?
5ca0a4
In base 5, what is -1043121234 + 2?
-1043121232
In base 3, what is 121 + -22100102100101?
-22100102022210
In base 16, what is -1 + -7a1a38?
-7a1a39
In base 16, what is -3fc55 - 19?
-3fc6e
In base 2, what is 110 + -111011000111000011100?
-111011000111000010110
In base 12, what is 85 + 6b22a?
6b2b3
In base 12, what is 18 - 1b95a442?
-1b95a426
In base 11, what is -4174 + 236a?
-1905
In base 3, what is -2112222120120 + -1?
-2112222120121
In base 13, what is 5151 + 1544?
6695
In base 16, what is -380 - -3ef?
6f
In base 13, what is 77 - -26a3c?
26ab6
In base 12, what is 1 - 18355817?
-18355816
In base 3, what is 100102120020 + -11?
100102120002
In base 2, what is -110110001011011000100111 - -1?
-110110001011011000100110
In base 15, what is -3c0ecac - -1?
-3c0ecab
In base 12, what is -8589 + -1847?
-a214
In base 14, what is 421 + 161a?
1a3b
In base 16, what is -115dbec - -5?
-115dbe7
In base 13, what is 1111a1 - -119?
1112ba
In base 13, what is -3 + 3a3065?
3a3062
In base 8, what is -52 - 5070042?
-5070114
In base 5, what is -120 + -33144331?
-33200001
In base 13, what is -10599355 + -7?
-1059935c
In base 6, what is 34225544 - -205?
34230153
In base 6, what is -1 - -1205002312?
1205002311
In base 7, what is -631231 + 1022?
-630206
In base 5, what is -24311 - -1432434?
1403123
In base 14, what is -506cbc + -1b?
-506cd9
In base 4, what is -1 - -13200122022?
13200122021
In base 11, what is -48 + -268407?
-268454
In base 6, what is 110043554 + 2?
110044000
In base 9, what is -16 + -1200084?
-1200111
In base 8, what is 72106 - 14604?
55302
In base 14, what is 21c218 + -ab?
21c14b
In base 8, what is 70 - 22163441?
-22163351
In base 11, what is 2538 + 4242?
677a
In base 8, what is -11505764 - 4?
-11505770
In base 6, what is -34013455 - -142?
-34013313
In base 15, what is -4 + -438306?
-43830a
In base 14, what is 776a8 - -728?
77dd2
In base 7, what is 1 - 222554363?
-222554362
In base 6, what is -205112 - 1403?
-210515
In base 12, what is 5 - 43553999?
-43553994
In base 3, what is -1210020002 + 11?
-1210012221
In base 2, what is 11 - 1111000011001010000?
-1111000011001001101
In base 8, what is -20 - -62352021?
62352001
In base 15, what is -60 + -5e85?
-5ee5
In base 3, what is 1002102212211 + 100101?
1002110020012
In base 14, what is -2551 - 264?
-27b5
In base 4, what is -101333213020 + 10?
-101333213010
In base 12, what is -108 - -8207?
80bb
In base 7, what is 2 - -2545642624?
2545642626
In base 8, what is -5717201 + 103?
-5717076
In base 9, what is 5 - 7381544?
-7381538
In base 15, what is 1 + -cb2620?
-cb261e
In base 8, what is 250760346 + -5?
250760341
In base 8, what is -21436673204 + -2?
-21436673206
In base 7, what is -11 + -242415134?
-242415145
In base 13, what is -c9424 - -2a?
-c93c7
In base 11, what is 122580 - 1012?
121569
In base 11, what is 6637888 - -1?
6637889
In base 14, what is -259c973 + 5?
-259c96c
In base 16, what is 53d181 - -2?
53d183
In base 6, what is -532035 + 3203?
-524432
In base 5, what is 222341304 - 2322?
222333432
In base 10, what is 5 - 167590114?
-167590109
In base 2, what is -100001000110001111 - 10010010110?
-100001011000100101
In base 3, what is -11 + -2021101021100?
-2021101021111
In base 4, what is 1001 + 313320023101?
313320030102
In base 2, what is -11000011010100000001010 + -1110?
-11000011010100000011000
In base 2, what is -101 - -10001110011101001111?
10001110011101001010
In base 10, what is 51 - 470848?
-470797
In base 6, what is -3243 + 2303?
-540
In base 2, what is 11011111010010001010010 + -10?
11011111010010001010000
In base 16, what is -272ab + -c?
-272b7
In base 3, what is -112102201010 - -10021?
-112102120212
In base 3, what is 1000 - -111110021?
111111021
In base 3, what is 2 - 11210012101101?
-11210012101022
In base 16, what is 15 - -17b3c1?
17b3d6
In base 8, what is 652224 - 0?
652224
In base 2, what is -11100101101111101011010100 + -100?
-11100101101111101011011000
In base 5, what is -11 - 1043020133?
-1043020144
In base 12, what is 101aa - 10677?
-489
In base 14, what is 3d + 584139?
584178
In base 8, what is 121 + -220505?
-220364
In base 6, what is 4225 + 2535031?
2543300
In base 7, what is 34 + 4233444?
4233511
In bas